+ 9. Let w = -6 - 7. List the prime factors of n(w).
2, 11
What are the prime factors of -18*(-60)/9 + 2 + 0?
2, 61
Let t be (-4)/14 - 1492/(-28). Let i = -28 + t. What are the prime factors of i?
5
Let l(q) = -3*q**2 - q - 2. Let m be l(-3). Let w be (-2)/3*(-1 + m). Suppose 7 + w = 5*n. List the prime factors of n.
5
Let k = -31 - -85. List the prime factors of k.
2, 3
Suppose -4*x - 4 = -0. Let o be (0 - 1) + x + 0. List the prime factors of o*11*(-1)/2.
11
Let m be (2 - -2)*(2 - 5). Let k(q) = -q**2 - 18*q - 18. List the prime factors of k(m).
2, 3
Let a(z) = 3*z**3 - 14*z**2 + 17*z - 23. Let f(w) = -4*w**3 + 21*w**2 - 25*w + 34. Let t(j) = -7*a(j) - 5*f(j). What are the prime factors of t(-8)?
7
Let m be (0 - (-2 + 3))*-23. List the prime factors of (-4)/(-3)*3 + m.
3
Let d(u) be the first derivative of -u**2/2 + 4*u + 6. List the prime factors of d(-4).
2
Let s(j) be the third derivative of j**4/24 + j**3/2 - 2*j**2. List the prime factors of s(8).
11
Let q(t) be the first derivative of 11*t**3/3 - 1. Let g(r) = -r**3 - r**2 - 1. Let s be g(0). What are the prime factors of q(s)?
11
Let a = -21 + 109. List the prime factors of a.
2, 11
What are the prime factors of 5/(-20)*0 - -65?
5, 13
Suppose -3*d + 2*g = 4*g - 384, -2*d = -g - 256. List the prime factors of d.
2
Let g(m) = -m**2 + 7*m - 7. Suppose -5*i + 5 = -10. Suppose -20 = -r - i*r. What are the prime factors of g(r)?
3
Let b(z) = -3*z - 4. Let n be b(-3). Suppose -5*u = -n*s + 75, -s + 0*s = -2*u - 17. What are the prime factors of s?
13
Let j = 151 + 95. What are the prime factors of j?
2, 3, 41
Let a(g) = 3*g**2 + 12*g + 1. What are the prime factors of a(-9)?
2, 17
Let s be 352/60 - (-4)/30. Suppose 100 = s*t - 2*t. What are the prime factors of t?
5
Let g(w) = 5*w**3 + 8*w**2 - 6*w - 6. Let o(a) = a**3 + a**2 - a - 1. Let l(i) = g(i) - 4*o(i). Suppose 3*r = 5*r + 8. What are the prime factors of l(r)?
2, 3
Let l(c) = c**2 - 3*c + 1. Let v be l(-3). Suppose -v - 25 = -4*o. List the prime factors of o.
11
Suppose x = -4*q + 3*x + 32, 0 = 5*q - x - 34. Let w be (-4)/q*87/(-2). Suppose 0 = 4*f + 3*r - w, -5*f - 5*r + 27 = -3. What are the prime factors of f?
11
Suppose 33*v = 30*v + 222. What are the prime factors of v?
2, 37
Suppose -5*v + j - 2 = -7, 2*j + 3 = 3*v. Suppose 5*a - 1 = c, v = -c + a - 2*a. Let n = 1 - c. List the prime factors of n.
2
What are the prime factors of 27/2*72/27?
2, 3
Suppose 0 = q - 3*q + 236. What are the prime factors of q?
2, 59
Suppose -5*g = -3*b - 7, 1 = -2*g + 5*b - 0. Let r be (2 - g)/(1/1). Suppose 2*c + c - 24 = r. List the prime factors of c.
2
What are the prime factors of ((-128)/(-12))/((-4)/(-6))?
2
Let s be 6 + 1 + (-8 - -3). Suppose -k + 29 + 4 = 0. What are the prime factors of 4/6*k/s?
11
Let f(k) = -k**2 + 5*k. Let p be f(4). Let d = p + -4. Suppose -3*g + 0 + 18 = d. What are the prime factors of g?
2, 3
Let t be 2580/35 - (-2)/7. Suppose -2 = 3*i - t. Suppose b + b = i. List the prime factors of b.
2, 3
Let w(m) = -6*m**3 + 6*m**2 + 3*m + 3. Let g(p) = -p**2 - 1 - 4*p**3 - p - p**2 + 6*p**3. Let b(i) = -17*g(i) - 6*w(i). List the prime factors of b(2).
5
Let n = 86 + -10. List the prime factors of n/14 - (-4)/7.
2, 3
Let l(v) = -1 + 14*v + 2 - 5*v. Let k be 4/8 - 2/(-4). What are the prime factors of l(k)?
2, 5
Let s(p) = 0 - 1 - p + 3 - 3. Let z be s(-5). Suppose -z*m = 12, -2*u - 3*m + m = -18. What are the prime factors of u?
2, 3
Suppose -4 = -u - 2. Let r = 1 + u. List the prime factors of r.
3
Suppose o = l - 133, -l + 9*o + 133 = 7*o. What are the prime factors of l?
7, 19
Suppose -5*p - 46 = -221. List the prime factors of p.
5, 7
Let s(h) = -h**2 - h - 6. Let p(i) = -3*i**2 - 4*i - 17. Let w(g) = -3*p(g) + 8*s(g). Suppose 2*l - 4*t = 6, 3*l + 24 = -l - t. List the prime factors of w(l).
2
Suppose 5*l + 3*o = 26, 5*l + 5*o - 14 = 16. Suppose l*b = 0, 0*u - 4*u + 20 = -3*b. Suppose h + 0*p + 7 = -4*p, p = u*h - 49. What are the prime factors of h?
3
Let u = 20 - -301. What are the prime factors of u?
3, 107
Let n(j) = 6*j**2 - j - 1. List the prime factors of n(2).
3, 7
Suppose 14 = 4*t - 2. Suppose -p - 2*p - 27 = -3*d, 4*d - 28 = -t*p. What are the prime factors of d?
2
Let i = 71 - 35. Let r = i + -6. What are the prime factors of r?
2, 3, 5
Suppose g + 5*u = 4 + 33, 52 = 4*g - 4*u. Suppose -59 = -3*m - g. List the prime factors of m.
2, 7
Let m = 1 + -2. Let v(n) be the third derivative of 13*n**5/60 + n**4/12 + n**3/6 - 11*n**2. What are the prime factors of v(m)?
2, 3
Suppose 0 = b - 6*b. Let l = -4 - -9. Suppose l*q - 66 - 5 = -z, b = -5*q + 5*z + 95. List the prime factors of q.
3, 5
Suppose -2*s + 2*o + 270 = 0, -5*o - 395 - 146 = -4*s. What are the prime factors of s?
2, 67
Let f = -1 + 5. Suppose 2*b = 3*g + 4 + 2, -f*g - 3 = -b. What are the prime factors of b?
3
Suppose 2*m = -5*c + 112, -c + 2*m = -3*m - 17. Let w be 10/(-55) - (-620)/c. Suppose -w = v - 3*v. List the prime factors of v.
2, 7
Let k be 0 - (2 + -10)/(-2). Let h be k/(-6) - (-2)/6. What are the prime factors of 10 + (h + -2 - -2)?
11
Suppose -48 = -g + 5*l, 0*l = -l - 2. What are the prime factors of g?
2, 19
Let i = 1 + 3. Let k be 0/(-3 - -4) + -2. Let h = k + i. List the prime factors of h.
2
Let j = 229 + -95. List the prime factors of j.
2, 67
Let c(z) = -17*z**3 + 2*z + 1. Let o be c(-1). Suppose -o = -q - 3*q. List the prime factors of q.
2
Let z(v) = v**3 - 7*v**2 + 5*v. Let i be z(6). Let j be 2*-1*21/i. Suppose 3*h = 2*p - 3, 5*p - 2*h = 17 + j. List the prime factors of p.
2, 3
Let q(p) = 5*p. Let c(n) = -10*n - 1. Let t be -6*(-1 - (-2)/4). Let f(j) = t*c(j) + 7*q(j). List the prime factors of f(3).
2, 3
Let t be -4 + 21/9*3. Suppose t*w = 42 + 99. List the prime factors of w.
47
Let w be 0*((-2)/6)/(-1). Suppose w = 4*r - 0*r - 104. What are the prime factors of r?
2, 13
Let h be -4*(0 + 6/(-3)). Suppose -2*l - h = 0, -5*r - 2*l - l = 2. Suppose -r*f + 25 = 3*f + 5*o, -5*f + 4*o = -43. What are the prime factors of f?
7
Let r be (1 - (2 - 1)) + 4. Suppose -r*y + 36 = 4*s, -4*y - 4*s = -s - 34. What are the prime factors of y?
7
Let u = 93 - 3. What are the prime factors of u?
2, 3, 5
Suppose 2*i - 27 = -3*i - 2*x, 2*i - 14 = -4*x. Suppose -5*w - 4*y + 6 = -44, -i = y. List the prime factors of w.
2, 7
Suppose 0 = -5*o + 275. What are the prime factors of o?
5, 11
Suppose 0 = -a + 5, -5*o + 3*a + 2 = -88. What are the prime factors of o?
3, 7
Suppose a = 6*a. Let l(k) = a + 2 + 9*k - 1. List the prime factors of l(1).
2, 5
Suppose -3*b + j + 503 = 0, -3*j = -b + 59 + 98. List the prime factors of b.
13
Let p(j) = 3*j**3 - 6*j**2 + 4*j. Let c be p(4). Let r be c/6 + (-4)/6. Let n = r - 6. List the prime factors of n.
2, 3
Suppose -z - 2 = 2. Let m be (z - -5)/((-1)/(-5)). Suppose -2*b + m*b - 24 = 0. List the prime factors of b.
2
Suppose 0 = -4*t - 3*v + 36 - 0, -2*t - 2*v + 20 = 0. What are the prime factors of t?
2, 3
Suppose -5*h - 5*s - 54 = -4*h, -106 = 3*h + s. Let y = 50 + h. List the prime factors of y.
2
Suppose 0*a - 200 = -4*a. What are the prime factors of a?
2, 5
Let f(r) = -3*r + 3. List the prime factors of f(-7).
2, 3
Let r be (-10)/(-20)*2*1. Let z = 3 + r. What are the prime factors of z?
2
Let o(l) = l**2 - l. Let s be o(-1). Suppose 4*r = 2*p, -s*r - 3*p + 8 = -2*p. What are the prime factors of r?
2
Suppose -9*g + 1398 = -240. List the prime factors of g.
2, 7, 13
Suppose -2*d - 3 = -3*l - 12, 3*l = -2*d + 3. Let j = 8 - d. What are the prime factors of j?
5
Let a be -9*(1 + 8/(-6)). Suppose 0 = a*b - 0*b - 30. What are the prime factors of b?
2, 5
Suppose 0 = z - 4*z + 57. List the prime factors of z.
19
Suppose a + 4*f = 2*f - 18, -4*f - 8 = 0. What are the prime factors of (36/a)/((-3)/14)?
2, 3
List the prime factors of -4 + 33 + 1 + 0.
2, 3, 5
Let m(u) = u**2 + 7*u + 5. Let s be m(-6). What are the prime factors of (2/s + 3)*25?
5
Let h be 1/2 - 3/(-2). Let v be -6*(2 - (-14)/(-6)). Suppose 0 = -3*i + b + 17, -v*b = h*i - 6*i + 22. What are the prime factors of i?
2, 3
Let j(x) = -128*x - 11. What are the prime factors of j(-3)?
373
Suppose 0*j + 4*m = -j + 317, 1615 = 5*j + 5*m. Suppose -4*i = j - 61. What are the prime factors of i/(-14) - 4/(-14)?
5
Let l(n) = n**2 - 4*n. Let a be l(5). Suppose 0 